l) = 2*l**2 + 11*l - 1. Suppose 3*o - 12 = -3. Let b(f) = f**2 + 10*f. Let n(k) = o*b(k) - 2*y(k). What is the units digit of n(7)?
9
Suppose 0 = -5*d - s + 14, 0*d = 5*d - 3*s - 18. Let m = 31 + -27. Suppose -m = -n - d*n. What is the units digit of n?
1
Suppose 2 = u, 0*k - 61 = -3*k + u. What is the units digit of k?
1
Let g(l) = -l + 1. Let h(i) = -i**3 + 5*i**2 - i - 3. Let j be h(5). What is the units digit of g(j)?
9
Let b(c) be the third derivative of c**8/1344 - c**7/5040 + c**5/30 - 4*c**2. Let w(s) be the third derivative of b(s). What is the tens digit of w(-1)?
1
Let y be 2/(-4)*-8 + 0. Let q(j) = -j**3 + 4*j**2 + 2. Let u be q(y). Suppose -2*i = u*i - 5*g - 27, 42 = 5*i + 2*g. What is the units digit of i?
8
Let f(x) = 2*x**2 + 4*x + 1. Let g(u) = -u**3 + 4*u**2 + 6*u - 6. Let v be g(5). Let d be v/(-2 - (-21)/9). What is the units digit of f(d)?
7
What is the tens digit of 1310/25 - (-2)/(-5)?
5
Suppose -5*v = 5*f - 4*v - 655, 5*v = f - 131. What is the hundreds digit of f?
1
Suppose a = 3 + 1. Suppose a*t - 10 = 3*b, -b - 28 = -5*b - 5*t. Suppose -3*o = 5*x - 16, -b*o - 2*o = -x - 6. What is the units digit of x?
2
Let v(h) = -8*h - 3 - 24*h**2 + 12*h**2 + 11*h**2. Let k be (-1 - 0) + 2 + -7. What is the units digit of v(k)?
9
Let w be ((-2)/4)/((-3)/102). Let t = w - 30. What is the units digit of 2/4 - t/2?
7
Let z be (-2)/(-2*2/4). Suppose -4 = -4*c + z*c. What is the units digit of c?
2
Let m(w) = 3*w**2 - 2*w + 1. Let t be m(1). What is the tens digit of 2 - 63/(-5 + t)?
2
Suppose -5*q = -4*n - 378, -2*n - 150 = q - 3*q. What is the tens digit of q?
7
Suppose -2*v + 3*v - 5*q = 29, -v + 23 = -3*q. Suppose l + v = 2*l. What is the tens digit of l?
1
Let k = 371 + -47. What is the tens digit of k?
2
Suppose -3*v + 4*v = 0. Suppose -2*p = 5*c - 5, 3*p + v*p = -2*c - 9. What is the units digit of c?
3
Suppose 0 = -4*r + 3*x + 506 + 511, 5*x + 749 = 3*r. What is the hundreds digit of r?
2
Suppose z - 3*h = 40, -z + 2*h + 43 - 8 = 0. What is the tens digit of z?
2
Let r = -328 + 462. What is the units digit of r?
4
Let h(b) = 6*b - 1. Let r(x) = -5*x + 1. Let w(l) = -3*h(l) - 4*r(l). Let q(t) = -2*t - 1. Let c be q(-1). What is the units digit of w(c)?
1
Let t(s) = s**2 - 3*s - 2. Let z be t(-2). Let k = -6 + z. Suppose 2*o = -2*m + 6, 0*o + 3*o = k*m - 11. What is the units digit of m?
4
Let m = -13 - -17. Suppose -6 - m = -5*h. What is the units digit of h?
2
Let p(l) = -2*l**2 - 5*l + 3. Let k be p(-5). Let a = -33 + 23. Let t = a - k. What is the tens digit of t?
1
Let g(a) = -350*a + 5. What is the units digit of g(-1)?
5
What is the units digit of 2 + 0 + (1 - 2)?
1
Let a(s) be the third derivative of s**4/24 - s**3/6 - s**2. What is the units digit of a(2)?
1
Let v(b) = -2*b - 5. Suppose -4*f - 17 - 19 = -3*r, 0 = 5*f + 2*r + 22. What is the units digit of v(f)?
7
Suppose 2*b + 37 - 141 = 2*p, -4*p = 5*b - 260. What is the tens digit of b?
5
Suppose -19 = -3*t + 8. What is the units digit of t?
9
Suppose -z = f - 195, z = -0 + 1. What is the tens digit of f?
9
Let z = 23 + -13. Let c = 6 - z. Let m = c - -6. What is the units digit of m?
2
Let z(l) = -4*l - 14. Let j(s) = -2*s - 7. Let h(t) = 7*j(t) - 4*z(t). What is the tens digit of h(5)?
1
Suppose 0 = -5*d - 14 + 94. Suppose -61 = -5*x - d. Suppose -x = l - 2*l. What is the units digit of l?
9
Suppose -c + 3 = -3. Suppose 4*p + 21 = 81. What is the units digit of (p/(-10))/((-1)/c)?
9
Let d(u) = -u**2 + 19*u - 13. What is the units digit of d(13)?
5
Let i = 0 - -2. Let c be ((-4 - -1) + 3)/(-4). Let o = i + c. What is the units digit of o?
2
Suppose -12 = -2*z + 2*g, -5 = -3*z - 2*g + 3. Suppose -z*i + 10*i = 102. What is the tens digit of i?
1
What is the units digit of ((-6)/(-4))/(87/4814)?
3
What is the units digit of ((-13)/(-4))/((36/(-16))/(-9))?
3
Suppose 0 = 2*h - h - 2. Let x(c) = -2 + h + 12*c. What is the tens digit of x(1)?
1
Suppose -7*i + 5*i + 184 = 0. What is the tens digit of i?
9
Let m(c) = 4*c**2 - 4. What is the units digit of m(-4)?
0
Suppose d + 38 = -20. What is the units digit of 4/(-14) - d/7?
8
Let d(k) be the second derivative of -k**5/20 + 3*k**4/4 + 3*k**2 - k. Let n be d(9). Suppose -36 = -4*g - q + n*q, 2*q = -g + 9. What is the units digit of g?
9
Let j be ((-20)/(-8))/(1/2). Let n(x) = 2*x - 3. Let m be n(j). Suppose -3*s - t = -4, -4*s + m*s + 2*t - 5 = 0. What is the units digit of s?
1
Let m(n) = -2*n - 2. Let t be m(-2). What is the units digit of (-116)/(-10) + t/5?
2
Let t(f) = f**3 - 5*f**2 + 2*f + 1. Let q be t(4). Let w = 24 - 12. Let h = w + q. What is the units digit of h?
5
Let t(r) be the first derivative of -5*r**3/2 - 2*r - 2. Let j(p) be the first derivative of t(p). What is the units digit of j(-1)?
5
Let l be (3 - 7)*(-3)/6. Suppose 22 = l*b + 4*g, 17 = -0*b + b - 4*g. What is the units digit of b?
3
Let x = -287 + 433. What is the hundreds digit of x?
1
What is the tens digit of 148 + (-19 - -10) - (0 + 0)?
3
Let n = -6 + 24. What is the units digit of n?
8
Let f(z) = 5*z**2 + 2*z + 1. Suppose 5*k = -3*t - 12, 2*k = -3*t + 4*k + 9. Suppose 3*h - 5 = -4*c, -c + t = -1. What is the units digit of f(h)?
4
Let x(j) = -j**2 - 4*j + 6. Let p be x(-5). What is the units digit of 1 + 1 - (p + 0)?
1
Let w = 151 - 82. What is the units digit of w?
9
Let y = -244 - -410. What is the hundreds digit of y?
1
Let d(s) = -s + 4. Let f be d(-12). Let y = f - 3. What is the tens digit of y?
1
Suppose 0*d + 2*d = -3*r + 10, -2*d + 12 = 2*r. Suppose 0*z = -a + 3*z - 16, -3*a + z = d. What is the units digit of (1 + -3 - 4)*a?
6
What is the units digit of 8/(-4) - (3 + -33)?
8
Let v = 118 + -27. What is the tens digit of v?
9
Let x(w) = w**3 - 4*w**2 + 3*w. Let g be x(2). Let m(a) = -a**2 - 3*a - 1. What is the units digit of m(g)?
1
Let q(d) be the second derivative of d**4/6 - 3*d**3/2 + 3*d**2/2 + 7*d. What is the units digit of q(6)?
1
Let j(m) = 9*m - 9. Let r be j(7). Let y be 11 - ((-2)/(-2))/1. What is the units digit of r/y + 8/(-20)?
5
Suppose 5*h - 4*n - 153 = 54, h + 5*n = 53. What is the units digit of h?
3
What is the units digit of ((-402)/(-4 - 2))/1?
7
Let v = -94 - -143. Let w = v + -26. What is the units digit of w?
3
Let m = -2 + 9. What is the units digit of m?
7
Suppose 5 = -2*f + 7. What is the units digit of f?
1
Let j = 15 - -21. What is the units digit of j?
6
Let v(t) = 8*t - 3 + 4*t + t + 1. What is the units digit of v(2)?
4
Let h(g) = 29*g**2 + g. What is the units digit of h(-2)?
4
Let q = -30 - -17. What is the tens digit of q*(4/(-2) + 1)?
1
Suppose 5*d + 2*b = b + 56, -2*b - 68 = -5*d. Suppose -4*o + d = -0. What is the units digit of o?
3
Let u(y) = 3*y - 5. Let c(l) = -2 + 2 - l + 6. Let w be c(0). What is the units digit of u(w)?
3
Let l(t) = 3*t**2 + t. What is the tens digit of l(2)?
1
Suppose 9*h - 415 = 1637. What is the hundreds digit of h?
2
Let o = 13 + -11. Let r = 18 - o. What is the tens digit of r?
1
Suppose 0 = 2*a - 8, 2*a = -d - 0*d + 18. What is the units digit of d?
0
Suppose -o + 91 - 37 = 0. What is the units digit of o?
4
Suppose 0 = -4*n + 24 + 56. Suppose -n = -3*a - 2*a. What is the units digit of a?
4
What is the tens digit of (14/(-3))/(10/(-75))?
3
Let h be (-20)/30*(-282)/4. Suppose 4*l - 3*y - h = -6, -y + 12 = l. What is the units digit of l?
1
Let k(h) be the first derivative of h**3/3 + 9*h**2/2 + 1. Let w be k(-8). What is the units digit of (w + -1)/((-9)/6)?
6
Suppose 4*f - 5*f = -4. Let z = f - 6. What is the tens digit of (-504)/(-49) - z/(-7)?
1
Let h = -34 + 42. What is the units digit of h?
8
Suppose 0 = 3*r + 4 - 1. Let y be 2 - 0*r/2. Suppose y*k + 27 = 5*k. What is the units digit of k?
9
Let x(q) = 2*q**2 + 6*q - 3. Let c be x(-6). Let a = -16 + c. What is the units digit of a?
7
Let f(i) = 5*i**2 + 2 - 1 - 4*i**2 - 2*i**2 - 4*i. Let l(r) = -r**3 - 5*r**2 + r + 2. Let z be l(-5). What is the units digit of f(z)?
4
Let u(c) = 8*c + 31. What is the units digit of u(15)?
1
Let c(k) = k**3 + 15*k**2 + 17*k + 15. What is the units digit of c(-12)?
3
Suppose -4*m = -5*f + 12, 0 = 3*f + 3*m + m + 12. Suppose f = 3*l - l - 6. Suppose 3*a + 0*a - l = 0, -3*w + 7 = -5*a. What is the units digit of w?
4
What is the tens digit of 2 + (16 - (-9)/(-3))?
1
Let u(i) = -3